. What is d(15)?
1
Let l(k) = -11*k**2 - k + 1. Calculate l(1).
-11
Let s(m) = 127*m - 127. Determine s(1).
0
Let d(b) = -3*b**3 - 2*b**2 - 2*b. Calculate d(-2).
20
Let m(t) = 3*t**2 + 2. Calculate m(3).
29
Let h(g) = g**2 - 3*g - 20. Determine h(7).
8
Let j(h) = -h**3 - 8*h**2 + 9*h - 8. What is j(-9)?
-8
Let b(o) = -2*o**3 + 5*o**2 - o + 2. Calculate b(3).
-10
Let f(s) = -12*s + 52. What is f(5)?
-8
Let l(t) = 14*t - 27. Determine l(2).
1
Let y(n) = -9*n**3 + 2*n + 1. Give y(-1).
8
Let x(h) = h + 1. What is x(-15)?
-14
Let i(l) = -3*l**2 + 14*l - 8. Determine i(4).
0
Let h(w) = w**3 - 5*w**2 + 3*w + 9. Give h(4).
5
Let q(k) = k - 19. Determine q(10).
-9
Let l(x) = x**3 - 26*x**2 - 27*x. Give l(27).
0
Let p(l) = l**3 - 7*l**2 + 5*l - 3. Calculate p(3).
-24
Let k(q) = q**3 - 14*q**2 + 13*q - 2. What is k(13)?
-2
Let f(q) = -q**2 + 8*q + 13. What is f(6)?
25
Let m(t) = t**3 - 3*t**2 - 2. What is m(4)?
14
Let y(b) = -b**3 - 4*b**2 - 7*b - 3. Give y(-2).
3
Let i(b) = -b + 11. Calculate i(16).
-5
Let r(p) = -p**3 - 5*p**2 - 8*p - 6. Give r(-3).
0
Let h(y) = -y**2 - y - 4. Give h(-2).
-6
Let b(l) = -l**2 + 13*l - 40. Determine b(9).
-4
Let r(p) = p**3 + 9*p**2 + 8*p + 5. Determine r(-8).
5
Let h(y) = y**3 - 6*y**2 - 5*y - 16. Give h(7).
-2
Let s(a) = -2*a**2 + 7*a + 17. Give s(5).
2
Let h(w) = 2*w + 7. Give h(-5).
-3
Let y(i) = -i**3 + 6*i**2 - 2. Calculate y(5).
23
Let t(i) = 14*i + 188. What is t(-13)?
6
Let v(r) = 13*r + 3. What is v(-1)?
-10
Let n(g) = 51*g - 298. What is n(6)?
8
Let x(u) = -u**3 - 5*u**2 - 9. What is x(-5)?
-9
Let z(v) = -v - 13. What is z(-7)?
-6
Let x(z) = -z**3 - 5*z**2 - 7. Give x(-5).
-7
Let z(l) = -29*l - 1. What is z(1)?
-30
Let i(s) = s**2 - 8*s + 14. Determine i(7).
7
Let x(n) = 49*n - 678. Calculate x(14).
8
Let p(o) = 4*o + 8. Calculate p(-7).
-20
Let q(d) = -d + 5. Calculate q(8).
-3
Let h(k) = -k**2 + 6*k + 3. Give h(6).
3
Let b(s) = -s**3 - 15*s**2 - 16*s - 18. What is b(-14)?
10
Let n(h) = -4*h**3 - 45*h**2 - 10*h + 26. Calculate n(-11).
15
Let j(y) = 10*y + 34. Give j(-3).
4
Let i(z) = z**3 - 7*z**2 + z + 33. What is i(6)?
3
Let u(b) = 27*b**3 - 2*b**2 + b + 3. What is u(-1)?
-27
Let b(v) = -2*v**2 - 44*v - 5. Give b(-22).
-5
Let o(u) = -u**2 + 32*u + 12. Calculate o(32).
12
Let w(j) = 7*j - 15. Give w(2).
-1
Let q(t) = -6*t**2 - 5*t - 8. What is q(2)?
-42
Let o(d) = 9*d**2 - 3*d + 3. Give o(2).
33
Let h(z) = 11*z + 99. What is h(-10)?
-11
Let o(g) = -g**3 - 14*g**2 - 2*g + 13. Calculate o(-14).
41
Let o(h) = 2*h**2 - 15*h + 30. What is o(10)?
80
Let q(u) = 17*u + 32. Calculate q(-2).
-2
Let y(r) = -2*r + 10. Calculate y(13).
-16
Let x(y) = -17*y - 48. Determine x(-3).
3
Let f(p) = p**2 - 23*p + 96. Calculate f(18).
6
Let g(j) = j**3 + 7*j**2 + 7*j - 7. What is g(-6)?
-13
Let d(b) = 2*b**2 - 12*b - 1. What is d(7)?
13
Let s(x) = -4*x**2 - 65*x + 42. Calculate s(-17).
-9
Let i(y) = -5*y + 20. Give i(5).
-5
Let s(q) = -q**3 + 13*q**2 - 21*q - 12. Give s(11).
-1
Let b(g) = 3*g - 32. Calculate b(14).
10
Let y(k) = k**2 + 17*k + 81. Determine y(-7).
11
Let i(c) = c + 14. What is i(-9)?
5
Let z(g) = g**3 + 7*g**2 + 9*g + 2. Give z(-6).
-16
Let t(d) = -13*d + 330. Calculate t(25).
5
Let a(k) = -8*k**2 - k + 2. What is a(1)?
-7
Let k(j) = -j**3 + 9*j**2 - 5*j + 39. What is k(9)?
-6
Let l(y) = y**2 + 2*y - 13. Determine l(0).
-13
Let j(p) = -p**3 - 6*p**2 + 8*p + 7. Give j(-7).
0
Let d(f) = -f**3 + 11*f**2 - 22*f + 12. Give d(8).
28
Let p(c) = c**3 + 11*c**2 - 25*c + 14. Calculate p(-13).
1
Let q(z) = -z**2 - z. What is q(0)?
0
Let v(s) = -17*s. What is v(-1)?
17
Let j(l) = l**2 + 41*l + 102. Determine j(-38).
-12
Let o(b) = -38*b - 6. Calculate o(-1).
32
Let w(g) = -g**2 - 19*g - 54. Calculate w(-17).
-20
Let p(t) = -t**3 - 6*t**2 + 4*t - 13. Calculate p(-7).
8
Let c(v) = 3*v - 16. Calculate c(7).
5
Let p(j) = -j**3 - 17*j**2 - 20*j - 61. Determine p(-16).
3
Let q(h) = -2*h**2 - 50*h - 91. What is q(-23)?
1
Let c(r) = -5*r - 19. What is c(-6)?
11
Let s(b) = -b**3 + b**2 - 30*b - 5. Determine s(0).
-5
Let o(n) = n**2 - 21*n + 88. Give o(11).
-22
Let a(r) = -34*r**3 - 2*r**2 + 1. Give a(1).
-35
Let u(s) = 26*s - 21. Determine u(3).
57
Let a(m) = -9*m**2 + m + 1. Give a(-1).
-9
Let j(t) = -2*t - 36. Determine j(-4).
-28
Let g(j) = -j**3 - 5*j**2 + 6*j + 2. Calculate g(-6).
2
Let r(p) = p**3 + 43*p**2 - 2*p - 86. Determine r(-43).
0
Let h(l) = -l**2 - 2*l + 13. Determine h(3).
-2
Let r(z) = 20*z - 76. Calculate r(4).
4
Let y(h) = h**3 - 5*h**2 + 5*h + 7. Determine y(5).
32
Let f(l) = 5*l - 3. Calculate f(6).
27
Let a(h) = -h - 6. Give a(-5).
-1
Let s(q) = -q**3 - 3*q**2 + 13*q + 10. Calculate s(-5).
-5
Let o(m) = 2*m**2 + 38*m - 438. Give o(-27).
-6
Let y(a) = -a**3 + 6. Calculate y(0).
6
Let i(z) = -z**2 - 7*z - 19. Determine i(-5).
-9
Let b(j) = j**2 - 3*j + 6. What is b(0)?
6
Let b(p) = p**2 + 5*p + 4. Determine b(-3).
-2
Let h(k) = -k**2 + 9*k + 3. Determine h(8).
11
Let i(u) = 2*u - 22. Determine i(15).
8
Let n(s) = -s**3 - 5*s**2 + 2*s + 14. Calculate n(-5).
4
Let x(i) = 2*i - 29. Give x(15).
1
Let q(i) = -2*i**3 - 48*i**2 - i - 24. Calculate q(-24).
0
Let g(p) = -p**3 + 5*p**2 - 4*p - 2. Give g(3).
4
Let o(t) = -2*t**2 - 11*t + 2. Give o(-8).
-38
Let k(o) = -o**3 - 30*o**2 - 34*o - 167. What is k(-29)?
-22
Let c(g) = g**3 + 4*g**2 + 3*g - 5. Determine c(-4).
-17
Let i(x) = -x**2 + 7*x - 7. Calculate i(4).
5
Let p(u) = -u**2 - 19*u - 34. Determine p(-18).
-16
Let d(t) = 2*t**2 + 13*t - 66. What is d(-10)?
4
Let z(m) = m**2 - 16*m + 29. Determine z(14).
1
Let k(l) = l**3 - 22*l**2 + 80*l + 85. What is k(17)?
0
Let z(j) = -2*j**3 + 22*j**2 - 16*j - 35. Determine z(10).
5
Let f(r) = 2*r**2 - 3*r - 2. What is f(-1)?
3
Let k(m) = -2*m**2 - 5*m - 5. Determine k(-4).
-17
Let i(v) = -v**3 + v**2 + 13. Give i(0).
13
Let a(d) = -d**2 + 11. What is a(-5)?
-14
Let s(l) = 2*l**2 - 12*l + 8. What is s(6)?
8
Let g(y) = -y**3 + 6*y**2 - y + 5. Determine g(6).
-1
Let l(j) = -j**3 + 10*j**2 + 4*j. What is l(10)?
40
Let b(w) = w**3 - 7*w**2 + 8*w + 1. Determine b(6).
13
Let a(v) = -v**2 + 3*v + 3. What is a(-1)?
-1
Let n(l) = l**3 - 7*l**2 + 2*l - 10. What is n(7)?
4
Let v(d) = 2*d**3 - 37*d**2 - 17*d - 29. Determine v(19).
9
Let w(v) = -v**2 - 7*v + 15. Give w(-8).
7
Let m(f) = 4*f**2 - f + 1. Determine m(-2).
19
Let f(g) = -g**3 + 3*g**2 + 12*g - 31. What is f(3)?
5
Let l(h) = -h**2 + 35*h - 253. What is l(10)?
-3
Let w(s) = 12*s + 9. Calculate w(4).
57
Let a(x) = 39*x**2. Calculate a(-1).
39
Let n(x) = 4*x**2 + x - 4. Give n(3).
35
Let u(a) = a**2 - 4*a + 3. Calculate u(5).
8
Let n(o) = -8*o + 9. Give n(-4).
41
Let q(g) = -g**3 - 30*g**2 + 28*g - 97. Calculate q(-31).
-4
Let v(h) = 12*h - 8. What is v(2)?
16
Let l(f) = f**2 + 11*f - 8. What is l(-12)?
4
Let a(n) = -19*n + 34. What is a(2)?
-4
Let p(s) = -s**2 + 4*s - 1. Calculate p(2).
3
Let y(d) = -d**2 - 5*d - 4. What is y(-2)?
2
Let h(y) = y**3 + 2*y**2 - 2*y + 1. Calculate h(-3).
-2
Let w(r) = -r**2 - 10*r - 2. What is w(-11)?
-13
Let z(n) = n**3 - 20*n**2 - 44*n - 4. Determine z(22).
-4
Let k(r) = -r**3 - 2*r**2 - 3*r - 35. Determine k(0).
-35
Let y(f) = 6*f + 16. Calculate y(-4).
-8
Let d(v) = v**3 + 12*v**2 + 29*v + 19. Determine d(-6).
61
Let c(o) = o**3 + 6*o**2 - 7*o + 1. Determine c(-7).
1
Let u(s) = 27*s**2 - s. Calculate u(1).
26
Let x(b) = -b**2 + 12*b - 2. What is x(9)?
25
Let n(f) = 8*f**3 - 2*f**2 + 2*f - 1. Calculate n(1).
7
Let j(b) = -b**2 - 21*b - 15. Give j(-15).
75
Let b(m) = m**2 - 13*m - 2. Give b(8).
-42
Let x(t) = 24*t + 101. Calculate x(-5).
-19
Let c(t) = t**3 + 3*t**2 + 2*t + 1. Calculate c(-4).
-23
Let h(n) = 2*n + 34. Determine h(-13).
8
Let x(v) = 4*v + 39. Calculate x(-13).
-13
Let c(k) = 2*k**3 + 8*k - 7. Give c(1).
3
Let m(t) = -t**2 - 70*t - 205. What is m(-67)?
-4
Let p(x) = -10*x - 293. Give p(-33).
37
Let w(a) = 31*a**2 - 1. Calculate w(-1).
30
Let w(h) = -2*h - 21. Determine w(-9).
-3
Let d(u) = u**3 + u**2 + 5. Calculate d(0).
5
Let m(v) = -v**2 + 7*v - 14. Determine m(10).
-44
Let z(l) = 2*l + 5. Calculate z(6).
17
Let k(b) = -b - 20. Give k(-15).
-5
Let p(w) = w. Calculate p(-8).
-8
Let i(q) = -5*q**2 - 20*q - 28. Determine i(-2).
-8
Let u(t) = t**3 + 6*t**2 - 5*t + 9. Calculate u(-7).
-5
Let u(b) = b**3 - 42*b**2 - 136*b + 66. Calcul